. Suppose 0 = -4*w + 2*p - 50, 3*p = 4*w + 28 + 25. Let s be b(w). What is the tens digit of (s/3)/(9/(-162))?
7
Suppose -861 = -3*h - 0*v + 3*v, 4*h - 5*v - 1153 = 0. What is the units digit of h?
2
Let k be (2 + 0)/((-2)/7). Let d(f) = -f**3 - 7*f**2 - 3*f - 1. What is the units digit of d(k)?
0
Let p(s) = -s**3 + 5*s**2 - 2*s - 4. Let g be p(4). Suppose g*j + j + 5*c - 335 = 0, -4*j + 274 = 2*c. What is the tens digit of j?
7
Let q(d) = -d**3 + 8*d**2 + d - 11. Let t be q(8). Let b be (t/(-1) - -7) + -1. Suppose 4*l = b + 3, 3*c = 5*l. What is the units digit of c?
5
Suppose -a = -6*a + 2*w - 63, 0 = -w + 4. Let s = a - -14. Suppose -2*y - s*y = -115. What is the units digit of y?
3
Let m = -44 - -197. Let w = 228 - m. What is the tens digit of w?
7
Suppose 0 = -4*b - 0*f + 4*f + 12, -2*b + 6 = -3*f. Suppose -b*o = 3*a - 330, o = -2*a - 8 + 118. What is the hundreds digit of o?
1
Let n(z) = 10*z**3 - 8*z**2 + 6*z - 54. What is the hundreds digit of n(5)?
0
Let z(m) = -16*m + 5*m - 9*m - 18. What is the units digit of z(-5)?
2
Let t(u) = -u**3 + 9*u**2 - 6*u - 7. Let v be t(8). Let w = v - 0. What is the tens digit of 76/(-12)*w/(-1)?
5
What is the tens digit of (30/(-2))/(4*(-6)/1272)?
9
Suppose -2*v = -2*t - 0*t + 1230, 0 = -5*t - v + 3087. What is the units digit of t?
7
Suppose -1783 = -7*j + 1556. What is the units digit of j?
7
Let y(s) = 33*s**2 + 15*s + 74. What is the tens digit of y(-7)?
8
Let a = 1823 + -1735. What is the tens digit of a?
8
Let j be (-418)/(-88) - 2/(-8). What is the tens digit of ((-19)/j)/(8/(-40))?
1
Let f(y) be the first derivative of -y**4/4 - y**3/3 + y**2/2 - 28*y + 8. Let g be f(0). Let a = 45 + g. What is the units digit of a?
7
Let k(u) = -92*u - 7. What is the units digit of k(-4)?
1
Let p be (2/(-5))/(1/(-10)). Let x be (4 - 6 - 8)*(-2)/4. Suppose 4*o + p*h - 40 = x*h, 5*o - h = 49. What is the units digit of o?
9
Let t(z) be the third derivative of -z**6/120 + 3*z**5/20 + z**4/12 + 8*z**3/3 + 12*z**2. What is the units digit of t(9)?
4
Let y = -5390 - -2568. What is the units digit of y/85*(-5)/1?
6
Let k = -12 + 14. Suppose -b - 4*i = -0*i - 187, -k*i = -b + 217. What is the units digit of b?
7
What is the hundreds digit of (3 - 155/55) + 7710/66?
1
Suppose 0 = -s + 5*p + 1243, -9*p + 2471 = 2*s - 4*p. What is the hundreds digit of s?
2
Let w = 8114 - 5420. What is the hundreds digit of w?
6
Suppose -120*q - 38200 = -128*q. What is the units digit of q?
5
Suppose -3*y - 4*r = -3251 - 3044, -2*y = 4*r - 4198. What is the hundreds digit of y?
0
What is the hundreds digit of 1*471 - (-135)/27?
4
Let b = -310 + 569. What is the hundreds digit of b?
2
Let w be 21 + (7 + -4 - 4). Suppose -4 = 2*y - 4*v, -2*y - 3*v - v = -w. Suppose y*t + 109 = 5*q, 9 = -q + 2*q - 4*t. What is the units digit of q?
5
Suppose -11 = -6*a + 7. Suppose 0 = a*y + 2*d - 506, 2*y - 5*d = 526 - 176. What is the hundreds digit of y?
1
Let u = -349 - -984. What is the tens digit of u?
3
Let v be ((-88)/(-40))/((-2)/(-10)). Suppose -v = -m - 8. Suppose m*j = -5*r + 45, 2*j + 13 + 7 = 5*r. What is the units digit of r?
6
Let a(s) = -3*s**3 + s**2 - 3*s - 2. Let m be a(-2). Suppose -t = 2*n, -3*t + 6*t = 2*n + m. Let g = 10 - t. What is the units digit of g?
2
Let g = -120 - -18. What is the units digit of (-2 - (-15)/6)*g/(-1)?
1
Suppose -138*i + 470207 = -119053. What is the hundreds digit of i?
2
Let p(v) = -6 + 10*v - v**2 - 1 + 1 - 1. What is the units digit of p(6)?
7
Suppose o = -153 + 4. Let v = -72 - o. What is the units digit of v?
7
Let y(b) = b**3 + 17*b**2 - 3*b + 44. What is the tens digit of y(-15)?
3
Suppose -19*y + 22*y = 12. Suppose -7*x + 2552 = y*x. What is the units digit of x?
2
Suppose 3*n + 25 = 4*u, 4*u = -2*n + 3 + 7. Suppose 4*r - 4*p - 304 = 0, 3*p = -6*r + u*r + 142. What is the tens digit of r?
7
Suppose 0 = 5*p - 8*p + 2*a + 2510, 5*p = a + 4174. What is the units digit of p?
4
Suppose 2*k = 6 + 2. Suppose a + 3*o + 61 = 2*a, -260 = -k*a + 4*o. What is the units digit of a?
7
Let m(r) = r + 5. Let z be m(-5). Suppose -44 = 2*u - z*u. Let b = -11 - u. What is the tens digit of b?
1
Suppose -3*p = -2*l + 12, -4*l + 16 = -0*l - 4*p. Suppose -2 = -2*q - l. What is the tens digit of q*2 - (-348)/6?
6
What is the hundreds digit of 1*11 - (-1746 - -105)?
6
Let i = 453 - -1058. What is the thousands digit of i?
1
Suppose 6396 = -0*c + 12*c. What is the hundreds digit of c?
5
Let w(y) = y**2 + 8*y - 13. Suppose 5*o + 5*m = 0, -o - 10 = -3*o + 3*m. Let p be (40/100)/(o/(-50)). What is the units digit of w(p)?
7
Let i(q) = -q**3 + 15*q**2 - 16*q + 29. Let f be i(14). What is the tens digit of ((-3)/2 + 3)*(f - -49)?
7
Suppose -2*f - 2*l = -7*l + 254, -5*f = 3*l + 573. Let g = 34 - f. What is the hundreds digit of g?
1
Let l(m) = -4*m + 26. Let k(v) = v**3 + 10*v**2 + 4*v + 33. Let c be k(-10). What is the units digit of l(c)?
4
Let n(r) = 2*r**2 + 5*r. Suppose 16 + 4 = 5*j. Let f be n(j). What is the tens digit of (-1)/((1 - 3)/f)?
2
What is the tens digit of (-3844)/(-3) + 18/27?
8
Suppose -5*b = -w - b + 2739, -2*w + 5464 = -b. What is the thousands digit of w?
2
Let x(o) = 15*o**2 - 4*o - 7. Let d be x(-5). Let r = d + -275. What is the hundreds digit of r?
1
Let j(k) = k**3 - 40*k**2 + 83*k + 78. What is the hundreds digit of j(38)?
3
Let b be 5*(4/(-10) - 0). Let w be (-1746)/(-12) - b/(-4). Suppose 83 = 4*v - w. What is the tens digit of v?
5
Let v = -28 - -41. Let g(w) = -w + 21. What is the units digit of g(v)?
8
Let d(t) = -9*t**2 + 11*t - 10. Let w be d(4). What is the tens digit of 6 - 3 - w - 2?
1
Let v be 3 + (42/12)/(2/4). Let g = 53 + v. What is the tens digit of g?
6
Let f(n) = n - 56 + n**2 + n + 2*n + 90. What is the units digit of f(0)?
4
Let q be (-12)/(-9) - (-1)/(-3). Let t be 0 - (0 - -1)/q. What is the units digit of -2*(0 - (t + 3))?
4
Suppose -5*q - 21*r + 23*r + 392 = 0, 3*q - 5*r = 220. What is the tens digit of q?
8
Let j(q) be the second derivative of q**4/4 + q**3/6 - 5*q**2/2 + 33*q. What is the tens digit of j(-5)?
6
Let g = 510 + 1444. What is the units digit of g?
4
Let o(u) be the first derivative of 23*u**3/3 + 2*u - 21. What is the tens digit of o(-2)?
9
Let s(c) = c + 32. Let x be s(-26). Suppose -994 - 80 = -x*k. What is the hundreds digit of k?
1
Let x(j) = j**2 + 9*j + 10. Let h be x(-9). Suppose 3*m + 4*f - h = 8, 3*f - 3 = 3*m. What is the units digit of ((-14)/(-21))/(m/75)?
5
Let o = -101 - -104. Suppose -5*v = -2*l + 321, -454 = -3*l + 5*v - o*v. What is the hundreds digit of l?
1
Let b(o) = -12*o**2 + o + 1159. What is the hundreds digit of b(0)?
1
Let i(n) = 33*n**2 + 5*n + 6. What is the units digit of i(-1)?
4
Let z = -152 + 185. What is the tens digit of z?
3
Let t be 18/(-2 + 5) + -4. Suppose 0*m - 32 = -2*m - 2*s, -4*m + 76 = -t*s. What is the tens digit of m?
1
Suppose -4*a - 36 = 4. Let l be (-1)/5 + (-42)/a. Suppose -5*t + l*t + 37 = 0. What is the tens digit of t?
3
Suppose -12452 - 9692 = -8*w. What is the thousands digit of w?
2
Let r = -2083 + 3212. What is the units digit of r?
9
Suppose -3*s + w + 198 = 0, 37*w = 5*s + 40*w - 316. Suppose -2*v - 2*v - 4 = 0. Let g = s + v. What is the units digit of g?
4
Let v = -41 - -57. What is the tens digit of (-4 + (-102)/(-15))*(-1 + v)?
4
What is the hundreds digit of (23608/(-182))/((-4)/14 + 0)?
4
Suppose -p + 2*g = -747 - 295, 5*p = -5*g + 5225. What is the hundreds digit of p?
0
Let n(s) = -239*s - 571. What is the units digit of n(-16)?
3
Let r(o) = -o**2 - 6*o + 3. Let f be r(-6). Suppose 3*k + 2*u - 205 = -3*u, f*k - 206 = -4*u. What is the units digit of k?
0
Let v = 2 - 5. Let w(n) = -4*n - 19. Let h be w(4). What is the units digit of h/(-21) + 2/v?
1
Suppose r = g + 6*r - 364, -5*g - 3*r = -1886. What is the tens digit of g?
7
Let z(k) = -8*k + 34. What is the tens digit of z(-2)?
5
Suppose -350 = -10*b + 8*b. Suppose -6*w + b = -w. Suppose 6*q = q + w. What is the units digit of q?
7
Let l = -833 - -1219. What is the hundreds digit of l?
3
What is the units digit of (198/(-891))/(1/(-1413))?
4
Let k(b) = 20*b - 20. What is the tens digit of k(9)?
6
Let d be (55/2)/(1/(-4)). Let t = d - -192. Suppose 5*c = -g + t, 2*g + 10 = 7*g. What is the tens digit of c?
1
Suppose 13*k = -2289 + 521. Let i = 46